{"id":2132,"date":"2026-02-23T22:13:02","date_gmt":"2026-02-23T22:13:02","guid":{"rendered":"https:\/\/casgug.pl\/?page_id=2132"},"modified":"2026-02-27T22:26:39","modified_gmt":"2026-02-27T22:26:39","slug":"wirtualna-wystawa-fotografii","status":"publish","type":"page","link":"https:\/\/casgug.pl\/index.php\/wirtualna-wystawa-fotografii\/","title":{"rendered":"Wirtualna wystawa fotografii"},"content":{"rendered":"\n<p>Serdecznie zapraszamy na wirtualn\u0105 wystaw\u0119 archiwalnych fotografii z kolekcji Cyfrowego Archiwum Spo\u0142ecznego Gminy U\u015bcie Gorlickie!<\/p>\n\n\n\n<p><img decoding=\"async\" height=\"16\" width=\"16\" src=\"https:\/\/static.xx.fbcdn.net\/images\/emoji.php\/v9\/t99\/1\/16\/1fa77.png\" alt=\"\ud83e\ude77\"> Otwarcie wystawy stacjonarnej odby\u0142o si\u0119 w pi\u0105tek, 20 lutego 2026 o godz. 17.00 w <a href=\"https:\/\/www.facebook.com\/profile.php?id=100057597453229&amp;__cft__[0]=AZbckPsJArs5xag7eF87hcJvZ108tWpgWdRxr0YMnoJ3cQFlODL77E42gUCD16i9oiJwNetf58OVKfHjx-LQiXbz5fWQrRjTlWCd3TFsA02or5umyCj5YM1jdmeazpeRc3p-xjBRMPWVOjejwvmaODXx1heyAEMPQc5A4EGXG4lHGWH1-U1fqrT6aSLxqY0SgSY&amp;__tn__=-]K-R\">Informacja Turystyczna Stara Remiza w Wysowej-Zdroju<\/a> 61. Z my\u015bl\u0105  o tych z Pa\u0144stwa, kt\u00f3rzy nie mogli osobi\u015bcie wzi\u0105\u0107 w niej udzia\u0142u przygotowali\u015bmy wersj\u0119 cyfrow\u0105 fotografii.<\/p>\n\n\n\n<p><img decoding=\"async\" height=\"16\" width=\"16\" src=\"https:\/\/static.xx.fbcdn.net\/images\/emoji.php\/v9\/t2\/1\/16\/1f60d.png\" alt=\"\ud83d\ude0d\">Punktem wy\u015bcia rozm\u00f3w o nowym Archiwum Spo\u0142ecznym, powsta\u0142ym portalu internetowym <a href=\"https:\/\/l.facebook.com\/l.php?u=http%3A%2F%2Fcasgug.pl%2F%3Ffbclid%3DIwZXh0bgNhZW0CMTAAYnJpZBExbWxXOGtyS0lpY1M2S2YydHNydGMGYXBwX2lkEDIyMjAzOTE3ODgyMDA4OTIAAR4jy62xIUj1VhdyNPi52x70TredsAx3rPrkc7gSXX4iNX-uTyBL-xQc-pEQ4A_aem_SB0G-Kya4pQmkFUeQ3m-gQ&amp;h=AT7nV4_TyuXRz50zl1ZaNGADgISrJnWYPXiNMnEEhYWGqbsMOYrsyj126W12kJGBTCDJMSnChJmbK8RotaKdZs3x9uf97zml-E_RFZPUEjIBZKGFujA_l7cXd03dG6UI20-uVWCP4GnjpQ&amp;__tn__=-UK-R&amp;c[0]=AT4u-DyBRqHK0gDIiv5ThhbgNGJ9nibNXaOt3qlOF1dzQjY1oOshgqgQNYGJvqsQGnvvP2ijbc-P_mk2kbDwjwbxN_TyDbtBTahN2CFjeDUTg5BtxbgE804EsXyYsGt-rUEsmTG7w_-yUYDcPCP37HUW-uBIQ3qOD-iTUcGFdjiqOm4EmEwHpyoMJFCQ2P5t1jmjMMYjP4FHzFZzmF7reRPK\" target=\"_blank\" rel=\"noreferrer noopener\">casgug.pl<\/a> i o gromadzonych zbiorach, sta\u0142y si\u0119 pokazane na wystawie 22. fotografie (w formacie 70&#215;50 cm) &#8211; wybrane spo\u015br\u00f3d setek przez etnolo\u017ck\u0119 Regin\u0119 Pazdur i Prezesa Fundacji Memo Macieja Kud\u0142acika, kt\u00f3rzy tak m\u00f3wi\u0105 o wystawie:<\/p>\n\n\n\n<p><img decoding=\"async\" height=\"16\" width=\"16\" alt=\"\ud83d\udde3\" src=\"https:\/\/static.xx.fbcdn.net\/images\/emoji.php\/v9\/tfb\/1\/16\/1f5e3.png\">&#8222;Chcieli\u015bmy, aby ekspozycja stanowi\u0142a wizualn\u0105 reprezentacj\u0119 zasob\u00f3w Cyfrowego Archiwum Spo\u0142ecznego Gminy U\u015bcie Gorlickie. Wyb\u00f3r fotografii, kt\u00f3re finalnie znalaz\u0142y si\u0119 na wystawie wcale nie by\u0142 prosty. Podczas spotka\u0144 z mieszka\u0144cami i mieszkankami gminy zebrali\u015bmy bowiem prawie 500 fotografii archiwalnych. S\u0105 ludzie, kt\u00f3rzy ju\u017c odeszli i krajobrazy sprzed prawie wieku; jest budowanie (cz\u0119sto w czynie spo\u0142ecznym) dr\u00f3g, budynk\u00f3w u\u017cyteczno\u015bci publicznej, ko\u015bcio\u0142\u00f3w i dom\u00f3w. S\u0105 chrzciny, komunie \u015bw., \u015bluby i pogrzeby. \u017bniwa, do\u017cynki, prace w polu i na gospodarstwie&#8230;i wiele wi\u0119cej. Zapraszamy do przegl\u0105dania zdj\u0119\u0107 ale i do ods\u0142uchania ciekawych wywiad\u00f3w, kt\u00f3re udostepnione s\u0105 ju\u017c na stronie <a href=\"https:\/\/l.facebook.com\/l.php?u=http%3A%2F%2Fcasgug.pl%2F%3Ffbclid%3DIwZXh0bgNhZW0CMTAAYnJpZBExbWxXOGtyS0lpY1M2S2YydHNydGMGYXBwX2lkEDIyMjAzOTE3ODgyMDA4OTIAAR7Ids3XQPM7lr7_6ZZpiWJSSXCRud0Oa-fwsk7bwuR1C2jA-5uoINN0hYExWQ_aem_RThni4crEw_OkOpieeETcQ&amp;h=AT7nV4_TyuXRz50zl1ZaNGADgISrJnWYPXiNMnEEhYWGqbsMOYrsyj126W12kJGBTCDJMSnChJmbK8RotaKdZs3x9uf97zml-E_RFZPUEjIBZKGFujA_l7cXd03dG6UI20-uVWCP4GnjpQ&amp;__tn__=-UK-R&amp;c[0]=AT4u-DyBRqHK0gDIiv5ThhbgNGJ9nibNXaOt3qlOF1dzQjY1oOshgqgQNYGJvqsQGnvvP2ijbc-P_mk2kbDwjwbxN_TyDbtBTahN2CFjeDUTg5BtxbgE804EsXyYsGt-rUEsmTG7w_-yUYDcPCP37HUW-uBIQ3qOD-iTUcGFdjiqOm4EmEwHpyoMJFCQ2P5t1jmjMMYjP4FHzFZzmF7reRPK\" rel=\"noreferrer noopener\" target=\"_blank\">casgug.pl.<\/a> Zapraszamy te\u017c oczywi\u015bcie na wystaw\u0119, gdzie b\u0119dzie czas by porozmawia\u0107 o szczeg\u00f3\u0142ach zwi\u0105zanych z powsta\u0142ym archiwum&#8221;.<\/p>\n\n\n\n<p><img loading=\"lazy\" decoding=\"async\" height=\"16\" width=\"16\" alt=\"\u2764\ufe0f\" src=\"https:\/\/static.xx.fbcdn.net\/images\/emoji.php\/v9\/t6c\/1\/16\/2764.png\">Serdecznie dzi\u0119kujemy Parterom naszego projektu: Gminie U\u015bcie Gorlickie, Gminnemu O\u015brodkowi Kultury w U\u015bciu Gorlickim, <a href=\"https:\/\/www.facebook.com\/usciegorlickiekrainaopowiesci?__cft__[0]=AZbckPsJArs5xag7eF87hcJvZ108tWpgWdRxr0YMnoJ3cQFlODL77E42gUCD16i9oiJwNetf58OVKfHjx-LQiXbz5fWQrRjTlWCd3TFsA02or5umyCj5YM1jdmeazpeRc3p-xjBRMPWVOjejwvmaODXx1heyAEMPQc5A4EGXG4lHGWH1-U1fqrT6aSLxqY0SgSY&amp;__tn__=-]K-R\">U\u015bcie Gorlickie Kraina Opowie\u015bci<\/a> za wszelk\u0105 okazan\u0105 pomoc i \u017cyczliwo\u015b\u0107.<\/p>\n\n\n\n<p><a href=\"https:\/\/www.facebook.com\/gokusciegorlickie?__cft__[0]=AZbckPsJArs5xag7eF87hcJvZ108tWpgWdRxr0YMnoJ3cQFlODL77E42gUCD16i9oiJwNetf58OVKfHjx-LQiXbz5fWQrRjTlWCd3TFsA02or5umyCj5YM1jdmeazpeRc3p-xjBRMPWVOjejwvmaODXx1heyAEMPQc5A4EGXG4lHGWH1-U1fqrT6aSLxqY0SgSY&amp;__tn__=-]K-R\">Gminny O\u015brodek Kultury w U\u015bciu Gorlickim<\/a><\/p>\n\n\n\n<p><a href=\"https:\/\/www.facebook.com\/gminausciegorlickie?__cft__[0]=AZbckPsJArs5xag7eF87hcJvZ108tWpgWdRxr0YMnoJ3cQFlODL77E42gUCD16i9oiJwNetf58OVKfHjx-LQiXbz5fWQrRjTlWCd3TFsA02or5umyCj5YM1jdmeazpeRc3p-xjBRMPWVOjejwvmaODXx1heyAEMPQc5A4EGXG4lHGWH1-U1fqrT6aSLxqY0SgSY&amp;__tn__=-]K-R\">Gmina U\u015bcie Gorlickie<\/a><\/p>\n\n\n\n<p><a href=\"https:\/\/www.facebook.com\/usciegorlickiekrainaopowiesci?__cft__[0]=AZbckPsJArs5xag7eF87hcJvZ108tWpgWdRxr0YMnoJ3cQFlODL77E42gUCD16i9oiJwNetf58OVKfHjx-LQiXbz5fWQrRjTlWCd3TFsA02or5umyCj5YM1jdmeazpeRc3p-xjBRMPWVOjejwvmaODXx1heyAEMPQc5A4EGXG4lHGWH1-U1fqrT6aSLxqY0SgSY&amp;__tn__=-]K-R\">U\u015bcie Gorlickie Kraina Opowie\u015bci<\/a><\/p>\n\n\n\n<p><a href=\"https:\/\/www.facebook.com\/hashtag\/korzy%C5%9Bcidlaciebie?__eep__=6&amp;__cft__[0]=AZbckPsJArs5xag7eF87hcJvZ108tWpgWdRxr0YMnoJ3cQFlODL77E42gUCD16i9oiJwNetf58OVKfHjx-LQiXbz5fWQrRjTlWCd3TFsA02or5umyCj5YM1jdmeazpeRc3p-xjBRMPWVOjejwvmaODXx1heyAEMPQc5A4EGXG4lHGWH1-U1fqrT6aSLxqY0SgSY&amp;__tn__=*NK-R\">#Korzy\u015bciDlaCiebie<\/a><a href=\"https:\/\/www.facebook.com\/hashtag\/nextgenerationeu?__eep__=6&amp;__cft__[0]=AZbckPsJArs5xag7eF87hcJvZ108tWpgWdRxr0YMnoJ3cQFlODL77E42gUCD16i9oiJwNetf58OVKfHjx-LQiXbz5fWQrRjTlWCd3TFsA02or5umyCj5YM1jdmeazpeRc3p-xjBRMPWVOjejwvmaODXx1heyAEMPQc5A4EGXG4lHGWH1-U1fqrT6aSLxqY0SgSY&amp;__tn__=*NK-R\">#NextGenerationEU<\/a><a href=\"https:\/\/www.facebook.com\/hashtag\/funduszeue?__eep__=6&amp;__cft__[0]=AZbckPsJArs5xag7eF87hcJvZ108tWpgWdRxr0YMnoJ3cQFlODL77E42gUCD16i9oiJwNetf58OVKfHjx-LQiXbz5fWQrRjTlWCd3TFsA02or5umyCj5YM1jdmeazpeRc3p-xjBRMPWVOjejwvmaODXx1heyAEMPQc5A4EGXG4lHGWH1-U1fqrT6aSLxqY0SgSY&amp;__tn__=*NK-R\">#FunduszeUE<\/a><\/p>\n\n\n\n<p>Projekt dofinansowano z funduszu Unii Europejskiej NextGenerationEU w ramach Krajowego Planu Odbudowy<\/p>\n\n\n<p><iframe width=\"1280\" height=\"720\" src=\"https:\/\/www.artsteps.com\/embed\/699b8e75089d9442ed7258ee\/1280\/720\" frameborder=\"0\" allowfullscreen><\/iframe><\/p>\n\n\n\n<p><\/p>\n","protected":false},"excerpt":{"rendered":"<p>Serdecznie zapraszamy na wirtualn\u0105 wystaw\u0119 archiwalnych fotografii z kolekcji Cyfrowego Archiwum Spo\u0142ecznego Gminy U\u015bcie Gorlickie! Otwarcie wystawy stacjonarnej odby\u0142o si\u0119 w pi\u0105tek, 20 lutego 2026 o godz. 17.00 w Informacja Turystyczna Stara Remiza w Wysowej-Zdroju 61. Z my\u015bl\u0105 o tych z Pa\u0144stwa, kt\u00f3rzy nie mogli osobi\u015bcie wzi\u0105\u0107 w niej udzia\u0142u przygotowali\u015bmy wersj\u0119 cyfrow\u0105 fotografii. Punktem &hellip; <\/p>\n<p class=\"link-more\"><a href=\"https:\/\/casgug.pl\/index.php\/wirtualna-wystawa-fotografii\/\" class=\"more-link\">Read more<span class=\"screen-reader-text\"> &#8222;Wirtualna wystawa fotografii&#8221;<\/span><\/a><\/p>\n","protected":false},"author":1,"featured_media":0,"parent":0,"menu_order":0,"comment_status":"closed","ping_status":"closed","template":"","meta":{"footnotes":""},"class_list":["post-2132","page","type-page","status-publish","hentry"],"_links":{"self":[{"href":"https:\/\/casgug.pl\/index.php\/wp-json\/wp\/v2\/pages\/2132","targetHints":{"allow":["GET"]}}],"collection":[{"href":"https:\/\/casgug.pl\/index.php\/wp-json\/wp\/v2\/pages"}],"about":[{"href":"https:\/\/casgug.pl\/index.php\/wp-json\/wp\/v2\/types\/page"}],"author":[{"embeddable":true,"href":"https:\/\/casgug.pl\/index.php\/wp-json\/wp\/v2\/users\/1"}],"replies":[{"embeddable":true,"href":"https:\/\/casgug.pl\/index.php\/wp-json\/wp\/v2\/comments?post=2132"}],"version-history":[{"count":3,"href":"https:\/\/casgug.pl\/index.php\/wp-json\/wp\/v2\/pages\/2132\/revisions"}],"predecessor-version":[{"id":2138,"href":"https:\/\/casgug.pl\/index.php\/wp-json\/wp\/v2\/pages\/2132\/revisions\/2138"}],"wp:attachment":[{"href":"https:\/\/casgug.pl\/index.php\/wp-json\/wp\/v2\/media?parent=2132"}],"curies":[{"name":"wp","href":"https:\/\/api.w.org\/{rel}","templated":true}]}}

<p>Serdecznie zapraszamy na wirtualną wystawę archiwalnych fotografii z kolekcji Cyfrowego Archiwum Społecznego Gminy Uście Gorlickie!</p>



<p><img decoding="async" height="16" width="16" src="https://static.xx.fbcdn.net/images/emoji.php/v9/t99/1/16/1fa77.png" alt="🩷"> Otwarcie wystawy stacjonarnej odbyło się w piątek, 20 lutego 2026 o godz. 17.00 w <a href="https://www.facebook.com/profile.php?id=100057597453229&amp;__cft__[0]=AZbckPsJArs5xag7eF87hcJvZ108tWpgWdRxr0YMnoJ3cQFlODL77E42gUCD16i9oiJwNetf58OVKfHjx-LQiXbz5fWQrRjTlWCd3TFsA02or5umyCj5YM1jdmeazpeRc3p-xjBRMPWVOjejwvmaODXx1heyAEMPQc5A4EGXG4lHGWH1-U1fqrT6aSLxqY0SgSY&amp;__tn__=-]K-R">Informacja Turystyczna Stara Remiza w Wysowej-Zdroju</a> 61. Z myślą  o tych z Państwa, którzy nie mogli osobiście wziąć w niej udziału przygotowaliśmy wersję cyfrową fotografii.</p>



<p><img decoding="async" height="16" width="16" src="https://static.xx.fbcdn.net/images/emoji.php/v9/t2/1/16/1f60d.png" alt="😍">Punktem wyścia rozmów o nowym Archiwum Społecznym, powstałym portalu internetowym <a href="https://l.facebook.com/l.php?u=http%3A%2F%2Fcasgug.pl%2F%3Ffbclid%3DIwZXh0bgNhZW0CMTAAYnJpZBExbWxXOGtyS0lpY1M2S2YydHNydGMGYXBwX2lkEDIyMjAzOTE3ODgyMDA4OTIAAR4jy62xIUj1VhdyNPi52x70TredsAx3rPrkc7gSXX4iNX-uTyBL-xQc-pEQ4A_aem_SB0G-Kya4pQmkFUeQ3m-gQ&amp;h=AT7nV4_TyuXRz50zl1ZaNGADgISrJnWYPXiNMnEEhYWGqbsMOYrsyj126W12kJGBTCDJMSnChJmbK8RotaKdZs3x9uf97zml-E_RFZPUEjIBZKGFujA_l7cXd03dG6UI20-uVWCP4GnjpQ&amp;__tn__=-UK-R&amp;c[0]=AT4u-DyBRqHK0gDIiv5ThhbgNGJ9nibNXaOt3qlOF1dzQjY1oOshgqgQNYGJvqsQGnvvP2ijbc-P_mk2kbDwjwbxN_TyDbtBTahN2CFjeDUTg5BtxbgE804EsXyYsGt-rUEsmTG7w_-yUYDcPCP37HUW-uBIQ3qOD-iTUcGFdjiqOm4EmEwHpyoMJFCQ2P5t1jmjMMYjP4FHzFZzmF7reRPK" target="_blank" rel="noreferrer noopener">casgug.pl</a> i o gromadzonych zbiorach, stały się pokazane na wystawie 22. fotografie (w formacie 70&#215;50 cm) &#8211; wybrane spośród setek przez etnolożkę Reginę Pazdur i Prezesa Fundacji Memo Macieja Kudłacika, którzy tak mówią o wystawie:</p>



<p><img decoding="async" height="16" width="16" alt="🗣" src="https://static.xx.fbcdn.net/images/emoji.php/v9/tfb/1/16/1f5e3.png">&#8222;Chcieliśmy, aby ekspozycja stanowiła wizualną reprezentację zasobów Cyfrowego Archiwum Społecznego Gminy Uście Gorlickie. Wybór fotografii, które finalnie znalazły się na wystawie wcale nie był prosty. Podczas spotkań z mieszkańcami i mieszkankami gminy zebraliśmy bowiem prawie 500 fotografii archiwalnych. Są ludzie, którzy już odeszli i krajobrazy sprzed prawie wieku; jest budowanie (często w czynie społecznym) dróg, budynków użyteczności publicznej, kościołów i domów. Są chrzciny, komunie św., śluby i pogrzeby. Żniwa, dożynki, prace w polu i na gospodarstwie&#8230;i wiele więcej. Zapraszamy do przeglądania zdjęć ale i do odsłuchania ciekawych wywiadów, które udostepnione są już na stronie <a href="https://l.facebook.com/l.php?u=http%3A%2F%2Fcasgug.pl%2F%3Ffbclid%3DIwZXh0bgNhZW0CMTAAYnJpZBExbWxXOGtyS0lpY1M2S2YydHNydGMGYXBwX2lkEDIyMjAzOTE3ODgyMDA4OTIAAR7Ids3XQPM7lr7_6ZZpiWJSSXCRud0Oa-fwsk7bwuR1C2jA-5uoINN0hYExWQ_aem_RThni4crEw_OkOpieeETcQ&amp;h=AT7nV4_TyuXRz50zl1ZaNGADgISrJnWYPXiNMnEEhYWGqbsMOYrsyj126W12kJGBTCDJMSnChJmbK8RotaKdZs3x9uf97zml-E_RFZPUEjIBZKGFujA_l7cXd03dG6UI20-uVWCP4GnjpQ&amp;__tn__=-UK-R&amp;c[0]=AT4u-DyBRqHK0gDIiv5ThhbgNGJ9nibNXaOt3qlOF1dzQjY1oOshgqgQNYGJvqsQGnvvP2ijbc-P_mk2kbDwjwbxN_TyDbtBTahN2CFjeDUTg5BtxbgE804EsXyYsGt-rUEsmTG7w_-yUYDcPCP37HUW-uBIQ3qOD-iTUcGFdjiqOm4EmEwHpyoMJFCQ2P5t1jmjMMYjP4FHzFZzmF7reRPK" rel="noreferrer noopener" target="_blank">casgug.pl.</a> Zapraszamy też oczywiście na wystawę, gdzie będzie czas by porozmawiać o szczegółach związanych z powstałym archiwum&#8221;.</p>



<p><img loading="lazy" decoding="async" height="16" width="16" alt="❤️" src="https://static.xx.fbcdn.net/images/emoji.php/v9/t6c/1/16/2764.png">Serdecznie dziękujemy Parterom naszego projektu: Gminie Uście Gorlickie, Gminnemu Ośrodkowi Kultury w Uściu Gorlickim, <a href="https://www.facebook.com/usciegorlickiekrainaopowiesci?__cft__[0]=AZbckPsJArs5xag7eF87hcJvZ108tWpgWdRxr0YMnoJ3cQFlODL77E42gUCD16i9oiJwNetf58OVKfHjx-LQiXbz5fWQrRjTlWCd3TFsA02or5umyCj5YM1jdmeazpeRc3p-xjBRMPWVOjejwvmaODXx1heyAEMPQc5A4EGXG4lHGWH1-U1fqrT6aSLxqY0SgSY&amp;__tn__=-]K-R">Uście Gorlickie Kraina Opowieści</a> za wszelką okazaną pomoc i życzliwość.</p>



<p><a href="https://www.facebook.com/gokusciegorlickie?__cft__[0]=AZbckPsJArs5xag7eF87hcJvZ108tWpgWdRxr0YMnoJ3cQFlODL77E42gUCD16i9oiJwNetf58OVKfHjx-LQiXbz5fWQrRjTlWCd3TFsA02or5umyCj5YM1jdmeazpeRc3p-xjBRMPWVOjejwvmaODXx1heyAEMPQc5A4EGXG4lHGWH1-U1fqrT6aSLxqY0SgSY&amp;__tn__=-]K-R">Gminny Ośrodek Kultury w Uściu Gorlickim</a></p>



<p><a href="https://www.facebook.com/gminausciegorlickie?__cft__[0]=AZbckPsJArs5xag7eF87hcJvZ108tWpgWdRxr0YMnoJ3cQFlODL77E42gUCD16i9oiJwNetf58OVKfHjx-LQiXbz5fWQrRjTlWCd3TFsA02or5umyCj5YM1jdmeazpeRc3p-xjBRMPWVOjejwvmaODXx1heyAEMPQc5A4EGXG4lHGWH1-U1fqrT6aSLxqY0SgSY&amp;__tn__=-]K-R">Gmina Uście Gorlickie</a></p>



<p><a href="https://www.facebook.com/usciegorlickiekrainaopowiesci?__cft__[0]=AZbckPsJArs5xag7eF87hcJvZ108tWpgWdRxr0YMnoJ3cQFlODL77E42gUCD16i9oiJwNetf58OVKfHjx-LQiXbz5fWQrRjTlWCd3TFsA02or5umyCj5YM1jdmeazpeRc3p-xjBRMPWVOjejwvmaODXx1heyAEMPQc5A4EGXG4lHGWH1-U1fqrT6aSLxqY0SgSY&amp;__tn__=-]K-R">Uście Gorlickie Kraina Opowieści</a></p>



<p><a href="https://www.facebook.com/hashtag/korzy%C5%9Bcidlaciebie?__eep__=6&amp;__cft__[0]=AZbckPsJArs5xag7eF87hcJvZ108tWpgWdRxr0YMnoJ3cQFlODL77E42gUCD16i9oiJwNetf58OVKfHjx-LQiXbz5fWQrRjTlWCd3TFsA02or5umyCj5YM1jdmeazpeRc3p-xjBRMPWVOjejwvmaODXx1heyAEMPQc5A4EGXG4lHGWH1-U1fqrT6aSLxqY0SgSY&amp;__tn__=*NK-R">#KorzyściDlaCiebie</a><a href="https://www.facebook.com/hashtag/nextgenerationeu?__eep__=6&amp;__cft__[0]=AZbckPsJArs5xag7eF87hcJvZ108tWpgWdRxr0YMnoJ3cQFlODL77E42gUCD16i9oiJwNetf58OVKfHjx-LQiXbz5fWQrRjTlWCd3TFsA02or5umyCj5YM1jdmeazpeRc3p-xjBRMPWVOjejwvmaODXx1heyAEMPQc5A4EGXG4lHGWH1-U1fqrT6aSLxqY0SgSY&amp;__tn__=*NK-R">#NextGenerationEU</a><a href="https://www.facebook.com/hashtag/funduszeue?__eep__=6&amp;__cft__[0]=AZbckPsJArs5xag7eF87hcJvZ108tWpgWdRxr0YMnoJ3cQFlODL77E42gUCD16i9oiJwNetf58OVKfHjx-LQiXbz5fWQrRjTlWCd3TFsA02or5umyCj5YM1jdmeazpeRc3p-xjBRMPWVOjejwvmaODXx1heyAEMPQc5A4EGXG4lHGWH1-U1fqrT6aSLxqY0SgSY&amp;__tn__=*NK-R">#FunduszeUE</a></p>



<p>Projekt dofinansowano z funduszu Unii Europejskiej NextGenerationEU w ramach Krajowego Planu Odbudowy</p>


<p><iframe width="1280" height="720" src="https://www.artsteps.com/embed/699b8e75089d9442ed7258ee/1280/720" frameborder="0" allowfullscreen></iframe></p>



<p></p>

<p>Serdecznie zapraszamy na wirtualną wystawę archiwalnych fotografii z kolekcji Cyfrowego Archiwum Społecznego Gminy Uście Gorlickie! Otwarcie wystawy stacjonarnej odbyło się w piątek, 20 lutego 2026 o godz. 17.00 w Informacja Turystyczna Stara Remiza w Wysowej-Zdroju 61. Z myślą o tych z Państwa, którzy nie mogli osobiście wziąć w niej udziału przygotowaliśmy wersję cyfrową fotografii. Punktem &hellip; </p>
<p class="link-more"><a href="https://casgug.pl/index.php/wirtualna-wystawa-fotografii/" class="more-link">Read more<span class="screen-reader-text"> &#8222;Wirtualna wystawa fotografii&#8221;</span></a></p>
